1
What is the hundred thousands digit of 180882269?
8
What is the tens digit of 276174609?
0
What is the hundreds digit of 608422630?
6
What is the millions digit of 45292234?
5
What is the units digit of 52004473?
3
What is the hundred thousands digit of 29659467?
6
What is the tens digit of 5353773072?
7
What is the ten thousands digit of 8130310?
3
What is the ten millions digit of 8460103924?
6
What is the ten thousands digit of 159331671?
3
What is the tens digit of 214304712?
1
What is the millions digit of 396016364?
6
What is the ten millions digit of 109658860?
0
What is the hundred thousands digit of 9142286?
1
What is the units digit of 200883053?
3
What is the tens digit of 571200934?
3
What is the thousands digit of 98294094?
4
What is the millions digit of 747657594?
7
What is the hundreds digit of 813604507?
5
What is the ten millions digit of 3222657727?
2
What is the millions digit of 102600751?
2
What is the units digit of 84285715?
5
What is the tens digit of 275515662?
6
What is the hundreds digit of 42794574?
5
What is the ten millions digit of 47491782?
4
What is the tens digit of 106653570?
7
What is the hundred thousands digit of 3401287?
4
What is the hundreds digit of 2748614710?
7
What is the thousands digit of 370256507?
6
What is the ten thousands digit of 36579945?
7
What is the hundred thousands digit of 19874074?
8
What is the millions digit of 26402094?
6
What is the hundred millions digit of 1921284007?
9
What is the ten thousands digit of 2473357802?
5
What is the hundred millions digit of 2380647692?
3
What is the ten thousands digit of 1687773523?
7
What is the ten millions digit of 617463768?
1
What is the millions digit of 2120045562?
0
What is the hundred thousands digit of 552584072?
5
What is the hundreds digit of 5676408992?
9
What is the ten thousands digit of 2173853960?
5
What is the hundreds digit of 36546521?
5
What is the billions digit of 2377217153?
2
What is the hundreds digit of 315780309?
3
What is the millions digit of 4787396861?
7
What is the tens digit of 9958659?
5
What is the ten millions digit of 63596487?
6
What is the ten thousands digit of 712574678?
7
What is the hundreds digit of 441879870?
8
What is the hundred thousands digit of 343070493?
0
What is the thousands digit of 60818995?
8
What is the tens digit of 95543492?
9
What is the ten thousands digit of 109380341?
8
What is the millions digit of 9921404?
9
What is the units digit of 50375528?
8
What is the hundreds digit of 113178963?
9
What is the tens digit of 3551790?
9
What is the units digit of 313981620?
0
What is the ten thousands digit of 190035174?
3
What is the hundreds digit of 344771808?
8
What is the ten thousands digit of 4184966769?
6
What is the tens digit of 228149163?
6
What is the millions digit of 56323477?
6
What is the hundreds digit of 195631770?
7
What is the thousands digit of 773990191?
0
What is the units digit of 103669960?
0
What is the units digit of 1913924355?
5
What is the tens digit of 695005707?
0
What is the hundred millions digit of 1222535900?
2
What is the millions digit of 89160912?
9
What is the tens digit of 6896257697?
9
What is the hundred thousands digit of 45112483?
1
What is the tens digit of 31861076?
7
What is the ten thousands digit of 2814998978?
9
What is the hundred thousands digit of 557473361?
4
What is the hundreds digit of 223413361?
3
What is the ten thousands digit of 1522794427?
9
What is the thousands digit of 162739434?
9
What is the thousands digit of 29602908?
2
What is the ten thousands digit of 3032079352?
7
What is the units digit of 2907462?
2
What is the ten thousands digit of 22803286?
0
What is the hundreds digit of 229901111?
1
What is the units digit of 1418354912?
2
What is the hundred thousands digit of 403506450?
5
What is the ten millions digit of 252881262?
5
What is the ten millions digit of 133260471?
3
What is the ten thousands digit of 632194700?
9
What is the hundred thousands digit of 95991153?
9
What is the ten thousands digit of 103314086?
1
What is the billions digit of 1175088616?
1
What is the ten millions digit of 89940993?
8
What is the hundred thousands digit of 90583605?
5
What is the millions digit of 775146399?
5
What is the thousands digit of 2382737130?
7
What is the tens digit of 896491344?
4
What is the ten thousands digit of 247044128?
4
What is the thousands digit of 62623345?
3
What is the ten thousands digit of 668156351?
5
What is the hundreds digit of 60770365?
3
What is the hundreds digit of 1357104479?
4
What is the hundred thousands digit of 189789167?
7
What is the ten thousands digit of 85321709?
2
What is the hundreds digit of 1172556941?
9
What is the millions digit of 96628394?
6
What is the ten millions digit of 94143755?
9
What is the millions digit of 161765160?
1
What is the hundred millions digit of 240210581?
2
What is the ten thousands digit of 91192381?
9
What is the tens digit of 2484748376?
7
What is the tens digit of 72705111?
1
What is the units digit of 116191041?
1
What is the thousands digit of 7212944235?
4
What is the millions digit of 2635489086?
5
What is the ten thousands digit of 1819774859?
7
What is the hundred thousands digit of 451535957?
5
What is the millions digit of 80923441?
0
What is the tens digit of 26012278?
7
What is the ten millions digit of 24522197?
2
What is the billions digit of 2173350906?
2
What is the ten millions digit of 84468553?
8
What is the ten thousands digit of 516282997?
8
What is the hundreds digit of 2203610551?
5
What is the hundreds digit of 41856277?
2
What is the tens digit of 187727886?
8
What is the units digit of 34810251?
1
What is the thousands digit of 292422071?
2
What is the hundred thousands digit of 1029072107?
0
What is the tens digit of 1065287811?
1
What is the hundred thousands digit of 76193068?
1
What is the thousands digit of 659856553?
6
What is the billions digit of 1634985360?
1
What is the units digit of 227250451?
1
What is the billions digit of 3634186078?
3
What is the hundred thousands digit of 60093363?
0
What is the tens digit of 1560723627?
2
What is the hundreds digit of 767375839?
8
What is the hundred thousands digit of 2077639145?
6
What is the units digit of 864023840?
0
What is the hundred thousands digit of 7852401748?
4
What is the millions digit of 93489818?
3
What is the billions digit of 4938109934?
4
What is the millions digit of 20956923?
0
What is the thousands digit of 42298995?
8
What is the ten millions digit of 249034740?
4
What is the ten millions digit of 57588373?
5
What is the thousands digit of 3118094828?
4
What is the ten millions digit of 21014841?
2
What is the hundred thousands digit of 57459963?
4
What is the units digit of 747597402?
2
What is the thousands digit of 1089734515?
4
What is the ten thousands digit of 79061767?
6
What is the tens digit of 151467692?
9
What is the thousands digit of 1658227511?
7
What is the units digit of 913569813?
3
What is the millions digit of 395288774?
5
What is the hundreds digit of 739782448?
4
What is the hundred thousands digit of 19540775?
5
What is the ten millions digit of 86404245?
8
What is the tens digit of 2236588292?
9
What is the ten millions digit of 317410694?
1
What is the tens digit of 73288527?
2
What is the hundred thousands digit of 56562952?
5
What is the units digit of 255190915?
5
What is the thousands digit of 189936711?
6
What is the thousands digit of 39941224?
1
What is the hundred millions digit of 462790951?
4
What is the hundred thousands digit of 39799258?
7
What is the millions digit of 41010204?
1
What is the units digit of 447993288?
8
What is the hundreds digit of 1610353910?
9
What is the units digit of 843394798?
8
What is the millions digit of 167697881?
7
What is the ten thousands digit of 3812920182?
2
What is the hundred thousands digit of 1775930093?
9
What is the hundreds digit of 550066663?
6
What is the ten thousands digit of 80470108?
7
What is the ten thousands digit of 68689578?
8
What is the thousands digit of 151501499?
1
What is the hundred thousands digit of 203701022?
7
What is the units digit of 486553363?
3
What is the ten millions digit of 100733189?
0
What is the thousands digit of 298347955?
7
What is t